st common divisor of k and 184?
23
Suppose -4*c = -x - 11, 2*x = 2*c - 5*c. Calculate the greatest common factor of c and 3.
1
Let k = -4 + 6. Suppose -k*p = -6*p. Suppose p = -w - o - o + 100, -484 = -5*w - 2*o. What is the greatest common factor of 12 and w?
12
Let x = -224 - -444. Suppose -x = -2*g - 2*g. Suppose 5*j - 5*i = g, j = -2*j - 3*i + 45. Calculate the highest common factor of j and 13.
13
Suppose -5*g + 155 = 4*l, -g + 5*l = 3*g - 124. What is the greatest common divisor of 124 and g?
31
Let b = 4 - 6. Let j be 29 + b - 1 - 2. Calculate the greatest common factor of j and 6.
6
Let o(u) = -6*u - 3. Let d be o(-2). Suppose -8*h - d = -9*h. What is the highest common factor of h and 36?
9
Let u be 1*(224/10)/(4/30). What is the highest common divisor of 24 and u?
24
Let s(d) = -d**3 + 2*d**2 + 2*d. Suppose -4*m - 2*o - o = 20, 0 = m - 2*o + 16. Let l = 4 + m. Let a be s(l). What is the highest common factor of 11 and a?
11
Let b be (-2 + 2)/(-1) - 22. Let d be (-2 - b)/(2 + 0). Calculate the highest common divisor of d and 4.
2
Let k = 4 + 4. Let c(n) = 2*n - 6. Let g be c(k). Calculate the highest common divisor of g and 10.
10
Suppose -c + 0*d = 3*d - 3, -5*c - d + 15 = 0. Calculate the highest common divisor of c and 27.
3
Suppose 8 = -2*o, -3*o = -3*n - 8*o - 11. Let d be 11/n - 4/6. Suppose d*q + 2*q - 125 = 0. Calculate the greatest common factor of 10 and q.
5
Suppose 76 = 5*j - 3*c - 511, 2*j - 5*c = 250. What is the greatest common divisor of j and 23?
23
Let i = 9 - 19. Let o be i/55 + 1082/22. What is the highest common divisor of o and 7?
7
Let u = -151 - -250. Suppose 3 + 6 = i. What is the highest common factor of i and u?
9
Let p be 189/39 + 2/13. Suppose 169 - 9 = p*q. Calculate the greatest common factor of 80 and q.
16
Suppose 2*u - n = -0*n + 455, -5*n - 25 = 0. Calculate the greatest common factor of 25 and u.
25
Let x = -41 + 51. Suppose 0 = 2*r + v + 188, -4*v - 622 = 5*r - 149. Let i be r/(-2) + 15/x. Calculate the greatest common factor of 24 and i.
24
Let p = -74 - -124. Let h be 56/(-21)*(-30)/4. Calculate the highest common factor of h and p.
10
Suppose 0 = -4*j - q + 21, 4*j - 16 + 1 = 5*q. Suppose -j*p + 200 = -0*p. Calculate the highest common divisor of 5 and p.
5
Suppose -6*a + 330 = -a. Calculate the greatest common factor of a and 44.
22
Suppose 0 = i + 4 - 10. Let g(m) = 2*m**2 - m. Let b be g(3). What is the highest common factor of b and i?
3
Suppose -4*w - 3*d + 15 = -2*d, 4 = 2*w + 4*d. Suppose -2*i - 2*y + 18 = 0, y = w - 0. Let x = -14 - -24. What is the greatest common divisor of x and i?
5
Suppose -15 = -4*i + 4*r + 5, -3*i = -2*r - 13. Suppose 17 = i*g + 5. What is the greatest common factor of g and 10?
2
Let x = 252 - 109. What is the highest common factor of x and 13?
13
Suppose -80 = -2*j + 4*i, -3*i = 3*j - 4*i - 105. Calculate the highest common factor of j and 238.
34
Suppose 3*t + f = -5, -4*t + f - 11 = t. Let b = 9 + t. Let v be ((-2)/(-2))/(-1)*-77. What is the greatest common divisor of v and b?
7
Suppose -6 = -3*u - 0. Suppose 0*c + 20 = 5*c - 4*y, 3*c - 5*y + 1 = 0. Calculate the greatest common factor of u and c.
2
Let h(d) be the first derivative of -d**2/2 + 3*d - 2. Let u be h(0). Suppose 3*p + 3*a - 18 = 0, 1 = u*a - 4*a. What is the highest common factor of 35 and p?
7
Let z(o) = -4*o. Let s be z(-4). Let c be (40/32)/(2/s). What is the highest common divisor of c and 90?
10
Suppose 5*i = 4*w - 101, -3 = -2*i + 3. Suppose j - 115 = -5*m, 2*m + w = 3*m - j. Suppose 4*n - 24 = 8. What is the greatest common divisor of n and m?
8
Let y(r) = -r**2 - 10*r - 7. Let u be (4/(-2))/((-3)/(-9)). Let q be y(u). Let o = q + -12. Calculate the greatest common divisor of 20 and o.
5
Suppose -r + 4*r = 171. Let f(u) = -19*u. Suppose 3*d = -3*w - 15, 5 + 4 = -3*w. Let v be f(d). What is the greatest common factor of r and v?
19
Let u(r) = r**2 - 8*r + 5. Let z be u(8). Calculate the greatest common divisor of 5 and z.
5
Let f(d) = -13*d**2 + d + 6*d + 5*d - d + 14 + d**3. Let n be f(12). What is the highest common divisor of 2 and n?
2
Suppose 4*v + p - 68 = 5*p, 0 = -3*p - 15. Calculate the highest common factor of v and 6.
6
Let b = -64 - -136. What is the highest common factor of 18 and b?
18
Suppose 0 = n - 22. What is the greatest common divisor of 55 and n?
11
Suppose 0 = -3*a + a + 4. Suppose -16 = -a*o - 2. Let u be 14/4*(10 - -8). What is the highest common factor of u and o?
7
Let s = 13 - -17. Let j be 3/((-6)/1)*-10. Suppose 0 = 4*h + j*g - 320, -3*h + 209 = -3*g - g. Calculate the greatest common divisor of s and h.
15
Let o be 2/5*(11 - -4). Let z = 5 + o. What is the greatest common divisor of z and 1?
1
Suppose 3*t = -6 - 3, -5*t - 5 = 5*a. Suppose 2*u + a*l = -3 - 1, -2*u - 3*l - 8 = 0. Calculate the greatest common divisor of 8 and u.
2
Suppose -2 = -f + 3*f, 0 = -5*l - f + 34. Calculate the highest common factor of l and 21.
7
Let s(w) be the first derivative of w**3/3 - 3*w**2 + 6*w - 4. Let r be s(6). Calculate the greatest common divisor of 6 and r.
6
Suppose -3*x + 179 = -16. What is the highest common divisor of x and 15?
5
Let y be (-94)/(-6) + 2 - 2/(-6). What is the greatest common factor of y and 12?
6
Let n = -1 - -13. Suppose -2*q + 2*h = -24, -6 + 0 = -2*h. Let d be q*-1*n/(-15). Calculate the highest common factor of d and 72.
12
Let a = 19 - 5. What is the greatest common divisor of 21 and a?
7
Let i(p) = p**2 + 14*p + 3. Let z be i(-14). Suppose -z*j = 3*b - j - 125, 0 = 3*j + 15. What is the greatest common divisor of b and 15?
15
Suppose 0 = -3*c + 15. Suppose -7 - c = -4*a. Suppose -a*y = -13 - 167. What is the greatest common divisor of y and 15?
15
Suppose 6*g = g - 35. Let u be ((-7)/g)/(2/10). Let w be 6*(-6)/(-8)*10. What is the greatest common divisor of u and w?
5
Let c(w) = -w**2 + 8*w - 1. Let h be c(5). Calculate the greatest common divisor of h and 84.
14
Let j be (-14)/(-10) - (-4)/(-10). Let o(v) = v**3 - 11*v**2 - 2*v + 30. Let w be o(11). What is the highest common factor of w and j?
1
Let i(h) = -h**3 + h**2 + h + 56. Let x be i(0). Suppose 4*t - 40 = -t. Calculate the greatest common divisor of t and x.
8
Suppose -a + 3 = -0*a, 0 = w - 3*a - 27. What is the highest common factor of 9 and w?
9
Let w(z) = 1. Let q(p) = p + 6. Let m(d) = -q(d) + 6*w(d). Let g be m(-13). Calculate the highest common divisor of 65 and g.
13
Let v = 29 + -8. Let j(r) = r**2 - 3*r + 1. Let p be j(2). Let l be p*(-1 - (1 + v)). Calculate the greatest common divisor of l and 184.
23
Suppose 3*r = -3 - 12. Let p be (-12)/18 - r/3. Calculate the highest common factor of 3 and p.
1
Let p be (0 + (-1)/1)*-5. Suppose -p*c + 5 = -0*c. Let g(l) = l**2 + 5*l + 5. Let n be g(-4). What is the greatest common divisor of c and n?
1
Let d be 39/(-15) + 4/(-10). Let a = 2 + d. Let n be (a + -5)/(15/(-10)). What is the greatest common factor of 4 and n?
4
Let o = 10 + -16. Let h(u) = -16*u. Let m be h(o). Suppose -4*i + 56 = 4*k, -3*k = k - 3*i - 42. Calculate the highest common factor of m and k.
12
Let u be (-1 + 0)*(4 + -31) + 0. Calculate the highest common factor of 3 and u.
3
Suppose 5*m + 1 = 4*d - 5, 5*m = 2*d + 2. Suppose -4*k + 44 = 3*v, v + d*k = 5*v - 96. Let s = -11 + v. Calculate the greatest common divisor of s and 45.
9
Let q = 2 - 1. Let a = q + 8. Calculate the greatest common divisor of a and 9.
9
Let s = 0 + -1. Let a be ((-12)/(-9)*-3)/s. Suppose a*j = j + 108. What is the greatest common divisor of j and 24?
12
Let b(t) be the first derivative of -7*t**2/2 - 8*t + 1. Let l be b(-10). What is the highest common factor of l and 93?
31
Let g(k) = k + 99. Let z be g(0). What is the greatest common factor of 11 and z?
11
Let p = 16 - 14. Calculate the greatest common factor of 2 and p.
2
Let k = -487 - -938. What is the highest common divisor of k and 41?
41
Suppose 2*i = -4*l + 350 - 134, -3*l + 5*i + 188 = 0. Let f = 9 + -5. Let z(o) = o**2 - 3*o + 3. Let c be z(f). What is the greatest common factor of c and l?
7
Suppose 4*b = -4*o + 5 + 35, -2*b + 4*o = -32. What is the greatest common factor of b and 54?
6
Let t = 44 - 32. What is the greatest common factor of 60 and t?
12
Let a be (-2)/(-2*2/4). Suppose 0 = -2*z + z + a. Suppose 3*y = 7 + z. Wha